{"id":689,"date":"2019-09-21T08:44:27","date_gmt":"2019-09-21T08:44:27","guid":{"rendered":"https:\/\/braun-klabes.de\/?page_id=689"},"modified":"2020-01-23T11:01:13","modified_gmt":"2020-01-23T11:01:13","slug":"hundeschule-2","status":"publish","type":"page","link":"https:\/\/braun-klabes.de\/?page_id=689","title":{"rendered":"Hundeschule"},"content":{"rendered":"<h2>Braun-Klabes: Professionelles Hundetraining<\/h2>\n<p style=\"text-align: left;\">Wir Trainer der Hundeschule Braun-Klabes stehen f\u00fcr ein artgerechtes, kompetentes und professionelles Hundetraining. Unser Ziel ist es, die Beziehung zwischen Mensch und Hund zu verbessern und zu festigen, um stressfrei und harmonisch gemeinsam durch das Leben zu gehen. Zu einem guten Team kann man erst zusammen wachsen, wenn man sich gegenseitig versteht, respektiert und aufeinander verlassen kann. Und genau da setzt unsere Arbeit an. Wir m\u00f6chten Ihnen die Unterst\u00fctzung bieten, den Bed\u00fcrfnissen Ihres Vierbeiners gerecht zu werden und Sie auf dem Weg zu Ihrem Ziel begleiten.<\/p>\n<h2>Diese Kurse und Besch\u00e4ftigungen bieten wir an:<\/h2>\n<h3 style=\"font-weight: 400;\"><em>Einzel- oder Gruppenunterricht:<\/em><\/h3>\n<ul>\n<li style=\"font-weight: 400;\"><a href=\"https:\/\/braun-klabes.de\/?page_id=829&amp;preview=true\">Welpencard (Welpenpr\u00e4gung) &gt;&gt;&gt;<\/a><\/li>\n<li style=\"font-weight: 400;\"><a href=\"https:\/\/braun-klabes.de\/?page_id=878\">Junghunde &gt;&gt;&gt;<\/a><\/li>\n<li style=\"font-weight: 400;\"><a href=\"https:\/\/braun-klabes.de\/?page_id=924\">Kinderkurs &gt;&gt;&gt;<\/a><\/li>\n<li style=\"font-weight: 400;\"><a href=\"https:\/\/braun-klabes.de\/?page_id=884\">Familienbegleithunde &gt;&gt;&gt;<\/a><\/li>\n<li style=\"font-weight: 400;\">Bewegung und Motorik &gt;&gt;&gt;<\/li>\n<li style=\"font-weight: 400;\">Tricks und Spiele &gt;&gt;&gt;<\/li>\n<li style=\"font-weight: 400;\">Talentcasting &gt;&gt;&gt;<\/li>\n<li style=\"font-weight: 400;\">Individuelles Einzeltraining &gt;&gt;&gt;<\/li>\n<li style=\"font-weight: 400;\">Verhaltensberatung &gt;&gt;&gt;<\/li>\n<li style=\"font-weight: 400;\"><a href=\"https:\/\/braun-klabes.de\/?page_id=939\">Sachkundenachweis &gt;&gt;&gt;<\/a><\/li>\n<li style=\"font-weight: 400;\"><a href=\"https:\/\/braun-klabes.de\/?page_id=934\">Wesenstest &gt;&gt;&gt;<\/a><\/li>\n<li style=\"font-weight: 400;\">Reitbegleithunde (neu ab Fr\u00fchjahr 2020) &gt;&gt;&gt;<\/li>\n<\/ul>\n<h3 style=\"font-weight: 400;\"><em>Langzeitausbildung:<\/em><\/h3>\n<ul>\n<li style=\"font-weight: 400;\"><a href=\"https:\/\/braun-klabes.de\/?page_id=894\">Mensch und Hund &gt;&gt;&gt;<\/a><\/li>\n<li style=\"font-weight: 400;\">H\u00fctehunde &gt;&gt;&gt;<\/li>\n<\/ul>\n<h3 style=\"font-weight: 400;\"><em>Langzeitbesch\u00e4ftigung:<\/em><\/h3>\n<ul>\n<li style=\"font-weight: 400;\">Apportieren &amp; Unterordnung &gt;&gt;&gt;<\/li>\n<li style=\"font-weight: 400;\"><a href=\"https:\/\/braun-klabes.de\/?page_id=903\">Mantrailung &gt;&gt;&gt;<\/a><\/li>\n<li style=\"font-weight: 400;\">Agility Fun &gt;&gt;&gt;<\/li>\n<li style=\"font-weight: 400;\">Hoopers (neu ab Fr\u00fchjahr 2020) &gt;&gt;&gt;<\/li>\n<\/ul>\n<p>Hinweis: Einige der Links sind noch nicht aktiv. Wir pflegen die Kursinformationen gerade nach und nach ein.<\/p>\n<h2>Verschiedene Besch\u00e4ftigungskurse, individuelle Erziehung<\/h2>\n<p style=\"text-align: left;\">Wir suchen in der Ausbildung und Erziehung des Hundes immer den individuellen Weg der f\u00fcr Mensch und Tier der sinnvollste ist und f\u00fcr beide zu schaffen ist. Somit unterstehen wir keiner Ausbildungsmethodik oder irgendwelchen Dogmen oder Ideologien. Freiheiten einr\u00e4umen und Grenzen setzen. Neben Einzelstunden und Erziehungskursen gibt es in der Hundeschule Braun-Klabes auch verschiedene Besch\u00e4ftigungsm\u00f6glichkeiten sowie Seminare und Workshops rund um den Hund.Wir freuen uns Sie fachlich und kompetent zu unterst\u00fctzen und den Weg mit Ihnen und Ihrem Hund gemeinsam zu gehen.<\/p>\n<p style=\"text-align: left;\"><a href=\"https:\/\/braun-klabes.de\/?page_id=495\">&gt;&gt;&gt; Hier kommen Sie auf die Seite der Buchungsformulare. &lt;&lt;&lt;<\/a><\/p>\n<p><img loading=\"lazy\" decoding=\"async\" class=\"aligncenter size-large wp-image-742\" src=\"https:\/\/braun-klabes.de\/wp-content\/uploads\/2019\/09\/Dogs-of-SteinfurtFG9A8779-1024x1024.jpg\" alt=\"\" width=\"920\" height=\"920\" srcset=\"https:\/\/braun-klabes.de\/wp-content\/uploads\/2019\/09\/Dogs-of-SteinfurtFG9A8779-1024x1024.jpg 1024w, https:\/\/braun-klabes.de\/wp-content\/uploads\/2019\/09\/Dogs-of-SteinfurtFG9A8779-300x300.jpg 300w, https:\/\/braun-klabes.de\/wp-content\/uploads\/2019\/09\/Dogs-of-SteinfurtFG9A8779-70x70.jpg 70w, https:\/\/braun-klabes.de\/wp-content\/uploads\/2019\/09\/Dogs-of-SteinfurtFG9A8779-600x600.jpg 600w, https:\/\/braun-klabes.de\/wp-content\/uploads\/2019\/09\/Dogs-of-SteinfurtFG9A8779-100x100.jpg 100w\" sizes=\"(max-width: 920px) 100vw, 920px\" \/><\/p>\n<p style=\"text-align: left;\">Die Hundeschule l\u00e4sst sich in drei Kategorien einordnen. Es gibt zum einen die <strong>Erziehungskurse<\/strong>. Zu diesen Kursen z\u00e4hlen die Welpenpr\u00e4gung, die Junghundekurse und die Familienbegleithundekurse.<\/p>\n<p style=\"text-align: left;\">Als n\u00e4chstes gibt es die<strong> Besch\u00e4ftigung f\u00fcr Ihren Hund<\/strong>. Das sind Kurse wie Agility, Apportieren, Geruchsidentifikationssuche, Mantrailing, Mensch- und Hund-Kurs, Motorikkurs, Spielstunde und Talentkurs.<\/p>\n<p>Hinweis: Wir \u00fcberarbeiten gerade unsere Internetseite. Detaillierte Informationen zu den einzelnen Kursangeboten reichen wir umgehend nach.<\/p>\n<p><img loading=\"lazy\" decoding=\"async\" class=\"aligncenter size-large wp-image-743\" src=\"https:\/\/braun-klabes.de\/wp-content\/uploads\/2019\/09\/MenschundHund-Kurs_19-1024x683.jpg\" alt=\"\" width=\"920\" height=\"614\" srcset=\"https:\/\/braun-klabes.de\/wp-content\/uploads\/2019\/09\/MenschundHund-Kurs_19-1024x683.jpg 1024w, https:\/\/braun-klabes.de\/wp-content\/uploads\/2019\/09\/MenschundHund-Kurs_19-300x200.jpg 300w, https:\/\/braun-klabes.de\/wp-content\/uploads\/2019\/09\/MenschundHund-Kurs_19-600x400.jpg 600w, https:\/\/braun-klabes.de\/wp-content\/uploads\/2019\/09\/MenschundHund-Kurs_19-272x182.jpg 272w\" sizes=\"(max-width: 920px) 100vw, 920px\" \/><\/p>\n<p style=\"text-align: left;\">Als letztes gibt es noch die <strong>Spezialausbildung<\/strong>. Hierbei erlernen die Hunde z.b. eine\u00a0H\u00fctehundausbildung, eine Therapiebegleithundeausbildung, eine Haushaltshilfehundausbildung und eine Ausbildung zum Schimmelsuchhund.<\/p>\n<p><img loading=\"lazy\" decoding=\"async\" class=\"aligncenter size-large wp-image-751\" src=\"https:\/\/braun-klabes.de\/wp-content\/uploads\/2019\/09\/Dogs-of-SteinfurtFG9A9052-1024x1024.jpg\" alt=\"\" width=\"920\" height=\"920\" srcset=\"https:\/\/braun-klabes.de\/wp-content\/uploads\/2019\/09\/Dogs-of-SteinfurtFG9A9052-1024x1024.jpg 1024w, https:\/\/braun-klabes.de\/wp-content\/uploads\/2019\/09\/Dogs-of-SteinfurtFG9A9052-300x300.jpg 300w, https:\/\/braun-klabes.de\/wp-content\/uploads\/2019\/09\/Dogs-of-SteinfurtFG9A9052-70x70.jpg 70w, https:\/\/braun-klabes.de\/wp-content\/uploads\/2019\/09\/Dogs-of-SteinfurtFG9A9052-600x600.jpg 600w, https:\/\/braun-klabes.de\/wp-content\/uploads\/2019\/09\/Dogs-of-SteinfurtFG9A9052-100x100.jpg 100w\" sizes=\"(max-width: 920px) 100vw, 920px\" \/><\/p>\n","protected":false},"excerpt":{"rendered":"<p>Braun-Klabes: Professionelles Hundetraining Wir Trainer der Hundeschule Braun-Klabes stehen f\u00fcr ein artgerechtes, kompetentes und professionelles Hundetraining. Unser Ziel ist es, die Beziehung zwischen Mensch und Hund zu verbessern und zu<\/p>\n<p class=\"more-link\"><a href=\"https:\/\/braun-klabes.de\/?page_id=689\" class=\"readmore\">Read More<svg class=\"icon icon-angle-right\" aria-hidden=\"true\" role=\"img\"> <use href=\"#icon-angle-right\" xlink:href=\"#icon-angle-right\"><\/use> <\/svg><span class=\"screen-reader-text\">Hundeschule<\/span><\/a><\/p>\n","protected":false},"author":1,"featured_media":765,"parent":0,"menu_order":0,"comment_status":"closed","ping_status":"closed","template":"","meta":{"footnotes":""},"_links":{"self":[{"href":"https:\/\/braun-klabes.de\/index.php?rest_route=\/wp\/v2\/pages\/689"}],"collection":[{"href":"https:\/\/braun-klabes.de\/index.php?rest_route=\/wp\/v2\/pages"}],"about":[{"href":"https:\/\/braun-klabes.de\/index.php?rest_route=\/wp\/v2\/types\/page"}],"author":[{"embeddable":true,"href":"https:\/\/braun-klabes.de\/index.php?rest_route=\/wp\/v2\/users\/1"}],"replies":[{"embeddable":true,"href":"https:\/\/braun-klabes.de\/index.php?rest_route=%2Fwp%2Fv2%2Fcomments&post=689"}],"version-history":[{"count":12,"href":"https:\/\/braun-klabes.de\/index.php?rest_route=\/wp\/v2\/pages\/689\/revisions"}],"predecessor-version":[{"id":943,"href":"https:\/\/braun-klabes.de\/index.php?rest_route=\/wp\/v2\/pages\/689\/revisions\/943"}],"wp:featuredmedia":[{"embeddable":true,"href":"https:\/\/braun-klabes.de\/index.php?rest_route=\/wp\/v2\/media\/765"}],"wp:attachment":[{"href":"https:\/\/braun-klabes.de\/index.php?rest_route=%2Fwp%2Fv2%2Fmedia&parent=689"}],"curies":[{"name":"wp","href":"https:\/\/api.w.org\/{rel}","templated":true}]}}