{"id":829,"date":"2019-12-10T09:48:00","date_gmt":"2019-12-10T09:48:00","guid":{"rendered":"https:\/\/braun-klabes.de\/?page_id=829"},"modified":"2020-01-19T22:40:41","modified_gmt":"2020-01-19T22:40:41","slug":"welpenpraegung","status":"publish","type":"page","link":"https:\/\/braun-klabes.de\/?page_id=829","title":{"rendered":"Welpenpr\u00e4gung"},"content":{"rendered":"<h2>Liebevolle erste tapsige Schritte<\/h2>\n<p><a href=\"https:\/\/braun-klabes.de\/?page_id=689\">&lt;&lt;&lt; zur\u00fcck zur Kurs\u00fcbersicht<\/a><\/p>\n<p>Die ersten Wochen mit Ihrem Hund sind die wichtigsten Wochen im Leben eines Hundes. Zwischen der 5. und 18. Woche lernt der Hund alle Grundlagen und pr\u00e4gt sein Naturell. Deshalb ist es so wichtig, dass der Hund das Richtige erlernt. Der Hund lernt soziales Spiel; er baut Bindungen und soziale Kontakte auf. Auf spielerische Weise k\u00f6nnen Sie so ihren Hund erziehen.<\/p>\n<h1>Spielerisch lernen:<br \/>\nDie Welpenschule bei Braun-Klabes<\/h1>\n<p>Der \u201cKindergarten\u201d f\u00fcr den Hund umfasst insbesondere die vier wichtigen Bausteine: 1. Soziales Verhalten<br \/>\n2. Pr\u00e4gung (Ger\u00e4usche und Situationen kennen lernen, vertraut werden und verstehen)<br \/>\n3. Hundeverhalten deuten lernen und den richtigen Umgang damit erlernen.<br \/>\n4. Erste erzieherische Ausbildungsschritte (Kommandos erkennen, rufen, evtl. Leinenarbeit)<\/p>\n<p>Der Hund nimmt bewusst sich selbst und andere wahr. Er erkennt seine Umwelt und reagiert auf Umweltreize. Zum Beispiel Autoger\u00e4usche, der Knall einer T\u00fcr, Vogelgesang, aber auch andere Hunde. Nur wenn der Hund vertraut ist mit den Reizen und Situationen kann er sp\u00e4ter auch richtig reagieren. Schrittweise wird der Hund mit Reizen und \u00c4ngsten konfrontiert und lernt, damit umzugehen. Und wie selbstverst\u00e4ndlich lernt der Mensch gleichzeitig den Hund und sein Verhalten zu verstehen. Mit verschiedenen Methoden und Ger\u00e4ten lassen sich die zahlreiche Situationen gezielt darstellen, die altersgerecht und entwicklungsspezifisch auf die Anforderungen jedes Hundes abgestimmt sind.<\/p>\n<p>Der Unterricht findet im Rahmen der Welpencard 8 x 1 Stunde die Woche statt. Eine Gruppe besteht aus maximal 8 Welpen, damit der Hundetrainer die Arbeit mit jedem Hund intensiv unterst\u00fctzen kann. Fragen und Probleme der Einzelnen werden in der Gruppe gel\u00f6st. Der rege Austausch zwischen Teilnehmern und Experten bringt zus\u00e4tzlich praktische Tipps und kompetente Ratschl\u00e4ge. So profitieren Teilnehmer, also Hund und Hundebesitzer, miteinander und voneinander.<\/p>\n<style id=\"bwg-style-0\">    #bwg_container1_0 #bwg_container2_0 .bwg-container-0.bwg-standard-thumbnails {      width: 904px;              justify-content: center;        margin:0 auto !important;              background-color: rgba(255, 255, 255, 0.00);            padding-left: 4px;      padding-top: 4px;      max-width: 100%;            }        #bwg_container1_0 #bwg_container2_0 .bwg-container-0.bwg-standard-thumbnails .bwg-item {    justify-content: flex-start;      max-width: 180px;            width: 180px !important;          }    #bwg_container1_0 #bwg_container2_0 .bwg-container-0.bwg-standard-thumbnails .bwg-item a {       margin-right: 4px;       margin-bottom: 4px;    }    #bwg_container1_0 #bwg_container2_0 .bwg-container-0.bwg-standard-thumbnails .bwg-item0 {      padding: 0px;            background-color:rgba(255,255,255, 0.30);      border: 0px none #CCCCCC;      opacity: 1.00;      border-radius: 0;      box-shadow: 0px 0px 0px #888888;    }    #bwg_container1_0 #bwg_container2_0 .bwg-container-0.bwg-standard-thumbnails .bwg-item1 img {      max-height: none;      max-width: none;      padding: 0 !important;    }        @media only screen and (min-width: 480px) {      #bwg_container1_0 #bwg_container2_0 .bwg-container-0.bwg-standard-thumbnails .bwg-item0 {        transition: all 0.3s ease 0s;-webkit-transition: all 0.3s ease 0s;      }      #bwg_container1_0 #bwg_container2_0 .bwg-container-0.bwg-standard-thumbnails .bwg-item0:hover {        -ms-transform: scale(1.1);        -webkit-transform: scale(1.1);        transform: scale(1.1);      }    }          #bwg_container1_0 #bwg_container2_0 .bwg-container-0.bwg-standard-thumbnails .bwg-item1 {      padding-top: 50%;    }        #bwg_container1_0 #bwg_container2_0 .bwg-container-0.bwg-standard-thumbnails .bwg-title2,    #bwg_container1_0 #bwg_container2_0 .bwg-container-0.bwg-standard-thumbnails .bwg-ecommerce2 {      color: #CCCCCC;      font-family: segoe ui;      font-size: 16px;      font-weight: bold;      padding: 2px;      text-shadow: 0px 0px 0px #888888;      max-height: 100%;    }    #bwg_container1_0 #bwg_container2_0 .bwg-container-0.bwg-standard-thumbnails .bwg-thumb-description span {    color: #323A45;    font-family: Ubuntu;    font-size: 12px;    max-height: 100%;    word-wrap: break-word;    }    #bwg_container1_0 #bwg_container2_0 .bwg-container-0.bwg-standard-thumbnails .bwg-play-icon2 {      font-size: 32px;    }    #bwg_container1_0 #bwg_container2_0 .bwg-container-0.bwg-standard-thumbnails .bwg-ecommerce2 {      font-size: 19.2px;      color: #CCCCCC;    }    <\/style>    <div id=\"bwg_container1_0\"         class=\"bwg_container bwg_thumbnail bwg_thumbnails \"         data-right-click-protection=\"1\"         data-bwg=\"0\"         data-scroll=\"0\"         data-gallery-type=\"thumbnails\"         data-gallery-view-type=\"thumbnails\"         data-current-url=\"\/index.php?rest_route=%2Fwp%2Fv2%2Fpages%2F829\"         data-lightbox-url=\"https:\/\/braun-klabes.de\/wp-admin\/admin-ajax.php?action=GalleryBox&#038;current_view=0&#038;gallery_id=6&#038;tag=0&#038;theme_id=1&#038;shortcode_id=10&#038;sort_by=order&#038;order_by=asc&#038;current_url=%2Findex.php%3Frest_route%3D%252Fwp%252Fv2%252Fpages%252F829\"         data-gallery-id=\"6\"         data-popup-width=\"800\"         data-popup-height=\"500\"         data-is-album=\"gallery\"         data-buttons-position=\"bottom\">      <div id=\"bwg_container2_0\">             <div id=\"ajax_loading_0\" class=\"bwg_loading_div_1\">      <div class=\"bwg_loading_div_2\">        <div class=\"bwg_loading_div_3\">          <div id=\"loading_div_0\" class=\"bwg_spider_ajax_loading\">          <\/div>        <\/div>      <\/div>    <\/div>            <form id=\"gal_front_form_0\"              class=\"bwg-hidden\"              method=\"post\"              action=\"#\"              data-current=\"0\"              data-shortcode-id=\"10\"              data-gallery-type=\"thumbnails\"              data-gallery-id=\"6\"              data-tag=\"0\"              data-album-id=\"0\"              data-theme-id=\"1\"              data-ajax-url=\"https:\/\/braun-klabes.de\/wp-admin\/admin-ajax.php?action=bwg_frontend_data\">          <div id=\"bwg_container3_0\" class=\"bwg-background bwg-background-0\">                <div data-max-count=\"5\"         data-thumbnail-width=\"180\"         data-bwg=\"0\"         data-gallery-id=\"6\"         data-lightbox-url=\"https:\/\/braun-klabes.de\/wp-admin\/admin-ajax.php?action=GalleryBox&amp;current_view=0&amp;gallery_id=6&amp;tag=0&amp;theme_id=1&amp;shortcode_id=10&amp;sort_by=order&amp;order_by=asc&amp;current_url=%2Findex.php%3Frest_route%3D%252Fwp%252Fv2%252Fpages%252F829\"         id=\"bwg_thumbnails_0\"         class=\"bwg-container-0 bwg-thumbnails bwg-standard-thumbnails bwg-container bwg-border-box\">            <div class=\"bwg-item\">        <a class=\"bwg-a  bwg_lightbox\"  data-image-id=\"168\" href=\"https:\/\/braun-klabes.de\/wp-content\/uploads\/photo-gallery\/Welpenpr\u00e4gung\/WelpenschuleFG9A9348.jpg?bwg=1575970980\" data-elementor-open-lightbox=\"no\">                <div class=\"bwg-item0 \">          <div class=\"bwg-item1 \">            <div class=\"bwg-item2\">              <img decoding=\"async\" class=\"skip-lazy bwg_standart_thumb_img_0 \"                   data-id=\"168\"                   data-width=\"1200\"                   data-height=\"1200\"                   data-src=\"https:\/\/braun-klabes.de\/wp-content\/uploads\/photo-gallery\/Welpenpr\u00e4gung\/thumb\/WelpenschuleFG9A9348.jpg?bwg=1575970980\"                   src=\"https:\/\/braun-klabes.de\/wp-content\/uploads\/photo-gallery\/Welpenpr\u00e4gung\/thumb\/WelpenschuleFG9A9348.jpg?bwg=1575970980\"                   alt=\"Welpen in der Hundeschule Braun-Klabes\"                   title=\"Welpen in der Hundeschule Braun-Klabes\" \/>            <\/div>            <div class=\"\">                                                      <\/div>          <\/div>        <\/div>                        <\/a>              <\/div>            <div class=\"bwg-item\">        <a class=\"bwg-a  bwg_lightbox\"  data-image-id=\"167\" href=\"https:\/\/braun-klabes.de\/wp-content\/uploads\/photo-gallery\/Welpenpr\u00e4gung\/WelpenschuleFG9A9259.jpg?bwg=1575970980\" data-elementor-open-lightbox=\"no\">                <div class=\"bwg-item0 \">          <div class=\"bwg-item1 \">            <div class=\"bwg-item2\">              <img decoding=\"async\" class=\"skip-lazy bwg_standart_thumb_img_0 \"                   data-id=\"167\"                   data-width=\"1200\"                   data-height=\"1200\"                   data-src=\"https:\/\/braun-klabes.de\/wp-content\/uploads\/photo-gallery\/Welpenpr\u00e4gung\/thumb\/WelpenschuleFG9A9259.jpg?bwg=1575970980\"                   src=\"https:\/\/braun-klabes.de\/wp-content\/uploads\/photo-gallery\/Welpenpr\u00e4gung\/thumb\/WelpenschuleFG9A9259.jpg?bwg=1575970980\"                   alt=\"Welpen in der Hundeschule Braun-Klabes\"                   title=\"Welpen in der Hundeschule Braun-Klabes\" \/>            <\/div>            <div class=\"\">                                                      <\/div>          <\/div>        <\/div>                        <\/a>              <\/div>            <div class=\"bwg-item\">        <a class=\"bwg-a  bwg_lightbox\"  data-image-id=\"166\" href=\"https:\/\/braun-klabes.de\/wp-content\/uploads\/photo-gallery\/Welpenpr\u00e4gung\/WelpenschuleFG9A9603.jpg?bwg=1575970980\" data-elementor-open-lightbox=\"no\">                <div class=\"bwg-item0 \">          <div class=\"bwg-item1 \">            <div class=\"bwg-item2\">              <img decoding=\"async\" class=\"skip-lazy bwg_standart_thumb_img_0 \"                   data-id=\"166\"                   data-width=\"1200\"                   data-height=\"1200\"                   data-src=\"https:\/\/braun-klabes.de\/wp-content\/uploads\/photo-gallery\/Welpenpr\u00e4gung\/thumb\/WelpenschuleFG9A9603.jpg?bwg=1575970980\"                   src=\"https:\/\/braun-klabes.de\/wp-content\/uploads\/photo-gallery\/Welpenpr\u00e4gung\/thumb\/WelpenschuleFG9A9603.jpg?bwg=1575970980\"                   alt=\"Welpen in der Hundeschule Braun-Klabes\"                   title=\"Welpen in der Hundeschule Braun-Klabes\" \/>            <\/div>            <div class=\"\">                                                      <\/div>          <\/div>        <\/div>                        <\/a>              <\/div>            <div class=\"bwg-item\">        <a class=\"bwg-a  bwg_lightbox\"  data-image-id=\"165\" href=\"https:\/\/braun-klabes.de\/wp-content\/uploads\/photo-gallery\/Welpenpr\u00e4gung\/WelpenschuleFG9A9643.jpg?bwg=1575970980\" data-elementor-open-lightbox=\"no\">                <div class=\"bwg-item0 \">          <div class=\"bwg-item1 \">            <div class=\"bwg-item2\">              <img decoding=\"async\" class=\"skip-lazy bwg_standart_thumb_img_0 \"                   data-id=\"165\"                   data-width=\"1200\"                   data-height=\"1200\"                   data-src=\"https:\/\/braun-klabes.de\/wp-content\/uploads\/photo-gallery\/Welpenpr\u00e4gung\/thumb\/WelpenschuleFG9A9643.jpg?bwg=1575970980\"                   src=\"https:\/\/braun-klabes.de\/wp-content\/uploads\/photo-gallery\/Welpenpr\u00e4gung\/thumb\/WelpenschuleFG9A9643.jpg?bwg=1575970980\"                   alt=\"Welpen in der Hundeschule Braun-Klabes\"                   title=\"Welpen in der Hundeschule Braun-Klabes\" \/>            <\/div>            <div class=\"\">                                                      <\/div>          <\/div>        <\/div>                        <\/a>              <\/div>            <div class=\"bwg-item\">        <a class=\"bwg-a  bwg_lightbox\"  data-image-id=\"164\" href=\"https:\/\/braun-klabes.de\/wp-content\/uploads\/photo-gallery\/Welpenpr\u00e4gung\/WelpenschuleFG9A9444.jpg?bwg=1575970980\" data-elementor-open-lightbox=\"no\">                <div class=\"bwg-item0 \">          <div class=\"bwg-item1 \">            <div class=\"bwg-item2\">              <img decoding=\"async\" class=\"skip-lazy bwg_standart_thumb_img_0 \"                   data-id=\"164\"                   data-width=\"1200\"                   data-height=\"1200\"                   data-src=\"https:\/\/braun-klabes.de\/wp-content\/uploads\/photo-gallery\/Welpenpr\u00e4gung\/thumb\/WelpenschuleFG9A9444.jpg?bwg=1575970980\"                   src=\"https:\/\/braun-klabes.de\/wp-content\/uploads\/photo-gallery\/Welpenpr\u00e4gung\/thumb\/WelpenschuleFG9A9444.jpg?bwg=1575970980\"                   alt=\"Welpen in der Hundeschule Braun-Klabes\"                   title=\"Welpen in der Hundeschule Braun-Klabes\" \/>            <\/div>            <div class=\"\">                                                      <\/div>          <\/div>        <\/div>                        <\/a>              <\/div>            <div class=\"bwg-item\">        <a class=\"bwg-a  bwg_lightbox\"  data-image-id=\"163\" href=\"https:\/\/braun-klabes.de\/wp-content\/uploads\/photo-gallery\/Welpenpr\u00e4gung\/WelpenschuleFG9A9402.jpg?bwg=1575970980\" data-elementor-open-lightbox=\"no\">                <div class=\"bwg-item0 \">          <div class=\"bwg-item1 \">            <div class=\"bwg-item2\">              <img decoding=\"async\" class=\"skip-lazy bwg_standart_thumb_img_0 \"                   data-id=\"163\"                   data-width=\"1200\"                   data-height=\"1200\"                   data-src=\"https:\/\/braun-klabes.de\/wp-content\/uploads\/photo-gallery\/Welpenpr\u00e4gung\/thumb\/WelpenschuleFG9A9402.jpg?bwg=1575970980\"                   src=\"https:\/\/braun-klabes.de\/wp-content\/uploads\/photo-gallery\/Welpenpr\u00e4gung\/thumb\/WelpenschuleFG9A9402.jpg?bwg=1575970980\"                   alt=\"Welpen in der Hundeschule Braun-Klabes\"                   title=\"Welpen in der Hundeschule Braun-Klabes\" \/>            <\/div>            <div class=\"\">                                                      <\/div>          <\/div>        <\/div>                        <\/a>              <\/div>            <div class=\"bwg-item\">        <a class=\"bwg-a  bwg_lightbox\"  data-image-id=\"162\" href=\"https:\/\/braun-klabes.de\/wp-content\/uploads\/photo-gallery\/Welpenpr\u00e4gung\/WelpenschuleFG9A9706.jpg?bwg=1575970980\" data-elementor-open-lightbox=\"no\">                <div class=\"bwg-item0 \">          <div class=\"bwg-item1 \">            <div class=\"bwg-item2\">              <img decoding=\"async\" class=\"skip-lazy bwg_standart_thumb_img_0 \"                   data-id=\"162\"                   data-width=\"1200\"                   data-height=\"1200\"                   data-src=\"https:\/\/braun-klabes.de\/wp-content\/uploads\/photo-gallery\/Welpenpr\u00e4gung\/thumb\/WelpenschuleFG9A9706.jpg?bwg=1575970980\"                   src=\"https:\/\/braun-klabes.de\/wp-content\/uploads\/photo-gallery\/Welpenpr\u00e4gung\/thumb\/WelpenschuleFG9A9706.jpg?bwg=1575970980\"                   alt=\"Welpen in der Hundeschule Braun-Klabes\"                   title=\"Welpen in der Hundeschule Braun-Klabes\" \/>            <\/div>            <div class=\"\">                                                      <\/div>          <\/div>        <\/div>                        <\/a>              <\/div>            <div class=\"bwg-item\">        <a class=\"bwg-a  bwg_lightbox\"  data-image-id=\"161\" href=\"https:\/\/braun-klabes.de\/wp-content\/uploads\/photo-gallery\/Welpenpr\u00e4gung\/WelpenschuleFG9A9279.jpg?bwg=1575970980\" data-elementor-open-lightbox=\"no\">                <div class=\"bwg-item0 \">          <div class=\"bwg-item1 \">            <div class=\"bwg-item2\">              <img decoding=\"async\" class=\"skip-lazy bwg_standart_thumb_img_0 \"                   data-id=\"161\"                   data-width=\"1200\"                   data-height=\"1200\"                   data-src=\"https:\/\/braun-klabes.de\/wp-content\/uploads\/photo-gallery\/Welpenpr\u00e4gung\/thumb\/WelpenschuleFG9A9279.jpg?bwg=1575970980\"                   src=\"https:\/\/braun-klabes.de\/wp-content\/uploads\/photo-gallery\/Welpenpr\u00e4gung\/thumb\/WelpenschuleFG9A9279.jpg?bwg=1575970980\"                   alt=\"Welpen in der Hundeschule Braun-Klabes\"                   title=\"Welpen in der Hundeschule Braun-Klabes\" \/>            <\/div>            <div class=\"\">                                                      <\/div>          <\/div>        <\/div>                        <\/a>              <\/div>            <div class=\"bwg-item\">        <a class=\"bwg-a  bwg_lightbox\"  data-image-id=\"160\" href=\"https:\/\/braun-klabes.de\/wp-content\/uploads\/photo-gallery\/Welpenpr\u00e4gung\/WelpenschuleFG9A9862.jpg?bwg=1575970980\" data-elementor-open-lightbox=\"no\">                <div class=\"bwg-item0 \">          <div class=\"bwg-item1 \">            <div class=\"bwg-item2\">              <img decoding=\"async\" class=\"skip-lazy bwg_standart_thumb_img_0 \"                   data-id=\"160\"                   data-width=\"1200\"                   data-height=\"1200\"                   data-src=\"https:\/\/braun-klabes.de\/wp-content\/uploads\/photo-gallery\/Welpenpr\u00e4gung\/thumb\/WelpenschuleFG9A9862.jpg?bwg=1575970980\"                   src=\"https:\/\/braun-klabes.de\/wp-content\/uploads\/photo-gallery\/Welpenpr\u00e4gung\/thumb\/WelpenschuleFG9A9862.jpg?bwg=1575970980\"                   alt=\"Welpen in der Hundeschule Braun-Klabes\"                   title=\"Welpen in der Hundeschule Braun-Klabes\" \/>            <\/div>            <div class=\"\">                                                      <\/div>          <\/div>        <\/div>                        <\/a>              <\/div>            <div class=\"bwg-item\">        <a class=\"bwg-a  bwg_lightbox\"  data-image-id=\"159\" href=\"https:\/\/braun-klabes.de\/wp-content\/uploads\/photo-gallery\/Welpenpr\u00e4gung\/WelpenschuleFG9A9537.jpg?bwg=1575970980\" data-elementor-open-lightbox=\"no\">                <div class=\"bwg-item0 \">          <div class=\"bwg-item1 \">            <div class=\"bwg-item2\">              <img decoding=\"async\" class=\"skip-lazy bwg_standart_thumb_img_0 \"                   data-id=\"159\"                   data-width=\"1200\"                   data-height=\"1200\"                   data-src=\"https:\/\/braun-klabes.de\/wp-content\/uploads\/photo-gallery\/Welpenpr\u00e4gung\/thumb\/WelpenschuleFG9A9537.jpg?bwg=1575970980\"                   src=\"https:\/\/braun-klabes.de\/wp-content\/uploads\/photo-gallery\/Welpenpr\u00e4gung\/thumb\/WelpenschuleFG9A9537.jpg?bwg=1575970980\"                   alt=\"Welpen in der Hundeschule Braun-Klabes\"                   title=\"Welpen in der Hundeschule Braun-Klabes\" \/>            <\/div>            <div class=\"\">                                                      <\/div>          <\/div>        <\/div>                        <\/a>              <\/div>            <div class=\"bwg-item\">        <a class=\"bwg-a  bwg_lightbox\"  data-image-id=\"158\" href=\"https:\/\/braun-klabes.de\/wp-content\/uploads\/photo-gallery\/Welpenpr\u00e4gung\/WelpenschuleFG9A9784.jpg?bwg=1575970980\" data-elementor-open-lightbox=\"no\">                <div class=\"bwg-item0 \">          <div class=\"bwg-item1 \">            <div class=\"bwg-item2\">              <img decoding=\"async\" class=\"skip-lazy bwg_standart_thumb_img_0 \"                   data-id=\"158\"                   data-width=\"1200\"                   data-height=\"1200\"                   data-src=\"https:\/\/braun-klabes.de\/wp-content\/uploads\/photo-gallery\/Welpenpr\u00e4gung\/thumb\/WelpenschuleFG9A9784.jpg?bwg=1575970980\"                   src=\"https:\/\/braun-klabes.de\/wp-content\/uploads\/photo-gallery\/Welpenpr\u00e4gung\/thumb\/WelpenschuleFG9A9784.jpg?bwg=1575970980\"                   alt=\"Welpen in der Hundeschule Braun-Klabes\"                   title=\"Welpen in der Hundeschule Braun-Klabes\" \/>            <\/div>            <div class=\"\">                                                      <\/div>          <\/div>        <\/div>                        <\/a>              <\/div>            <div class=\"bwg-item\">        <a class=\"bwg-a  bwg_lightbox\"  data-image-id=\"157\" href=\"https:\/\/braun-klabes.de\/wp-content\/uploads\/photo-gallery\/Welpenpr\u00e4gung\/WelpenschuleFG9A9855.jpg?bwg=1575970980\" data-elementor-open-lightbox=\"no\">                <div class=\"bwg-item0 \">          <div class=\"bwg-item1 \">            <div class=\"bwg-item2\">              <img decoding=\"async\" class=\"skip-lazy bwg_standart_thumb_img_0 \"                   data-id=\"157\"                   data-width=\"1200\"                   data-height=\"1200\"                   data-src=\"https:\/\/braun-klabes.de\/wp-content\/uploads\/photo-gallery\/Welpenpr\u00e4gung\/thumb\/WelpenschuleFG9A9855.jpg?bwg=1575970980\"                   src=\"https:\/\/braun-klabes.de\/wp-content\/uploads\/photo-gallery\/Welpenpr\u00e4gung\/thumb\/WelpenschuleFG9A9855.jpg?bwg=1575970980\"                   alt=\"Welpen in der Hundeschule Braun-Klabes\"                   title=\"Welpen in der Hundeschule Braun-Klabes\" \/>            <\/div>            <div class=\"\">                                                      <\/div>          <\/div>        <\/div>                        <\/a>              <\/div>            <div class=\"bwg-item\">        <a class=\"bwg-a  bwg_lightbox\"  data-image-id=\"156\" href=\"https:\/\/braun-klabes.de\/wp-content\/uploads\/photo-gallery\/Welpenpr\u00e4gung\/WelpenschuleFG9A9747.jpg?bwg=1575970980\" data-elementor-open-lightbox=\"no\">                <div class=\"bwg-item0 \">          <div class=\"bwg-item1 \">            <div class=\"bwg-item2\">              <img decoding=\"async\" class=\"skip-lazy bwg_standart_thumb_img_0 \"                   data-id=\"156\"                   data-width=\"1200\"                   data-height=\"1200\"                   data-src=\"https:\/\/braun-klabes.de\/wp-content\/uploads\/photo-gallery\/Welpenpr\u00e4gung\/thumb\/WelpenschuleFG9A9747.jpg?bwg=1575970980\"                   src=\"https:\/\/braun-klabes.de\/wp-content\/uploads\/photo-gallery\/Welpenpr\u00e4gung\/thumb\/WelpenschuleFG9A9747.jpg?bwg=1575970980\"                   alt=\"Welpen in der Hundeschule Braun-Klabes\"                   title=\"Welpen in der Hundeschule Braun-Klabes\" \/>            <\/div>            <div class=\"\">                                                      <\/div>          <\/div>        <\/div>                        <\/a>              <\/div>            <div class=\"bwg-item\">        <a class=\"bwg-a  bwg_lightbox\"  data-image-id=\"155\" href=\"https:\/\/braun-klabes.de\/wp-content\/uploads\/photo-gallery\/Welpenpr\u00e4gung\/WelpenschuleFG9A9482.jpg?bwg=1575970980\" data-elementor-open-lightbox=\"no\">                <div class=\"bwg-item0 \">          <div class=\"bwg-item1 \">            <div class=\"bwg-item2\">              <img decoding=\"async\" class=\"skip-lazy bwg_standart_thumb_img_0 \"                   data-id=\"155\"                   data-width=\"1200\"                   data-height=\"1200\"                   data-src=\"https:\/\/braun-klabes.de\/wp-content\/uploads\/photo-gallery\/Welpenpr\u00e4gung\/thumb\/WelpenschuleFG9A9482.jpg?bwg=1575970980\"                   src=\"https:\/\/braun-klabes.de\/wp-content\/uploads\/photo-gallery\/Welpenpr\u00e4gung\/thumb\/WelpenschuleFG9A9482.jpg?bwg=1575970980\"                   alt=\"Welpen in der Hundeschule Braun-Klabes\"                   title=\"Welpen in der Hundeschule Braun-Klabes\" \/>            <\/div>            <div class=\"\">                                                      <\/div>          <\/div>        <\/div>                        <\/a>              <\/div>          <\/div>              <\/div>        <\/form>        <style>          #bwg_container1_0 #bwg_container2_0 #spider_popup_overlay_0 {          background-color: #000000;          opacity: 0.70;          }          <\/style>        <div id=\"bwg_spider_popup_loading_0\" class=\"bwg_spider_popup_loading\"><\/div>        <div id=\"spider_popup_overlay_0\" class=\"spider_popup_overlay\" onclick=\"spider_destroypopup(1000)\"><\/div>        <input type=\"hidden\" id=\"bwg_random_seed_0\" value=\"1220874591\">                <\/div>    <\/div>    <script>      if (document.readyState === 'complete') {        if( typeof bwg_main_ready == 'function' ) {          if ( jQuery(\"#bwg_container1_0\").height() ) {            bwg_main_ready(jQuery(\"#bwg_container1_0\"));          }        }      } else {        document.addEventListener('DOMContentLoaded', function() {          if( typeof bwg_main_ready == 'function' ) {            if ( jQuery(\"#bwg_container1_0\").height() ) {             bwg_main_ready(jQuery(\"#bwg_container1_0\"));            }          }        });      }    <\/script>    \n<p><a href=\"https:\/\/braun-klabes.de\/?page_id=495\">&gt;&gt;&gt; Hier geht es zu den Anmeldedokumenten &lt;&lt;&lt;<\/a><\/p>\n","protected":false},"excerpt":{"rendered":"<p>Liebevolle erste tapsige Schritte &lt;&lt;&lt; zur\u00fcck zur Kurs\u00fcbersicht Die ersten Wochen mit Ihrem Hund sind die wichtigsten Wochen im Leben eines Hundes. Zwischen der 5. und 18. Woche lernt der<\/p>\n<p class=\"more-link\"><a href=\"https:\/\/braun-klabes.de\/?page_id=829\" class=\"readmore\">Read More<svg class=\"icon icon-angle-right\" aria-hidden=\"true\" role=\"img\"> <use href=\"#icon-angle-right\" xlink:href=\"#icon-angle-right\"><\/use> <\/svg><span class=\"screen-reader-text\">Welpenpr\u00e4gung<\/span><\/a><\/p>\n","protected":false},"author":1,"featured_media":858,"parent":0,"menu_order":0,"comment_status":"closed","ping_status":"closed","template":"","meta":{"footnotes":""},"_links":{"self":[{"href":"https:\/\/braun-klabes.de\/index.php?rest_route=\/wp\/v2\/pages\/829"}],"collection":[{"href":"https:\/\/braun-klabes.de\/index.php?rest_route=\/wp\/v2\/pages"}],"about":[{"href":"https:\/\/braun-klabes.de\/index.php?rest_route=\/wp\/v2\/types\/page"}],"author":[{"embeddable":true,"href":"https:\/\/braun-klabes.de\/index.php?rest_route=\/wp\/v2\/users\/1"}],"replies":[{"embeddable":true,"href":"https:\/\/braun-klabes.de\/index.php?rest_route=%2Fwp%2Fv2%2Fcomments&post=829"}],"version-history":[{"count":9,"href":"https:\/\/braun-klabes.de\/index.php?rest_route=\/wp\/v2\/pages\/829\/revisions"}],"predecessor-version":[{"id":916,"href":"https:\/\/braun-klabes.de\/index.php?rest_route=\/wp\/v2\/pages\/829\/revisions\/916"}],"wp:featuredmedia":[{"embeddable":true,"href":"https:\/\/braun-klabes.de\/index.php?rest_route=\/wp\/v2\/media\/858"}],"wp:attachment":[{"href":"https:\/\/braun-klabes.de\/index.php?rest_route=%2Fwp%2Fv2%2Fmedia&parent=829"}],"curies":[{"name":"wp","href":"https:\/\/api.w.org\/{rel}","templated":true}]}}