{"id":924,"date":"2020-01-23T10:32:26","date_gmt":"2020-01-23T10:32:26","guid":{"rendered":"https:\/\/braun-klabes.de\/?page_id=924"},"modified":"2020-01-23T10:32:26","modified_gmt":"2020-01-23T10:32:26","slug":"kinderkurs","status":"publish","type":"page","link":"https:\/\/braun-klabes.de\/?page_id=924","title":{"rendered":"Kinderkurs"},"content":{"rendered":"<p style=\"font-weight: 400;\">Gemeinsam leben. Unsere Kinderkurse richten sich speziell an Kinder und deren Eltern, die schon Angst haben oder eine Scheu vor Hunden entwickeln. Spielen mit Hund, fremden Hunden begegnen &#8211; im Alltag sind Kinder immer wieder mit Hunden konfrontiert.<\/p>\n<h1>Wenn Kinder und Hunde Freunde werden<\/h1>\n<p style=\"font-weight: 400;\">Deshalb sollten Kinder keine Angst vor Hunden haben, sondern lernen, Hunde richtig einzusch\u00e4tzen und einen gesunden Respekt vor den Tieren zu entwickeln. Viele Eltern m\u00f6chten souver\u00e4ner sein im Umgang mit fremden und eigenen Hunden. Dieser Kurs hilft \u00c4ngste abzubauen, Situationen zu erkennen und sich richtig zu verhalten. Die Themen und Methoden sind kindgerecht aufbereitet.<\/p>\n<p style=\"font-weight: 400;\">Falls Sie an einem Kurs interessiert sind oder noch Fragen haben, helfen wir Ihnen gerne weiter. <a href=\"https:\/\/braun-klabes.de\/?page_id=495\">Hier k\u00f6nnen Sie u.a. den Kinderkurs buchen. &gt;&gt;&gt;\u00a0<\/a><\/p>\n<div id='gallery-1' class='gallery galleryid-924 gallery-columns-6 gallery-size-thumbnail'><figure class='gallery-item'>\n\t\t\t<div class='gallery-icon landscape'>\n\t\t\t\t<a href='https:\/\/braun-klabes.de\/wp-content\/uploads\/2020\/01\/WelpenschuleFG9A9722.jpg'><img loading=\"lazy\" decoding=\"async\" width=\"300\" height=\"300\" src=\"https:\/\/braun-klabes.de\/wp-content\/uploads\/2020\/01\/WelpenschuleFG9A9722-300x300.jpg\" class=\"attachment-thumbnail size-thumbnail\" alt=\"\" srcset=\"https:\/\/braun-klabes.de\/wp-content\/uploads\/2020\/01\/WelpenschuleFG9A9722-300x300.jpg 300w, https:\/\/braun-klabes.de\/wp-content\/uploads\/2020\/01\/WelpenschuleFG9A9722-1024x1024.jpg 1024w, https:\/\/braun-klabes.de\/wp-content\/uploads\/2020\/01\/WelpenschuleFG9A9722-70x70.jpg 70w, https:\/\/braun-klabes.de\/wp-content\/uploads\/2020\/01\/WelpenschuleFG9A9722-600x600.jpg 600w, https:\/\/braun-klabes.de\/wp-content\/uploads\/2020\/01\/WelpenschuleFG9A9722-100x100.jpg 100w\" sizes=\"(max-width: 300px) 100vw, 300px\" \/><\/a>\n\t\t\t<\/div><\/figure><figure class='gallery-item'>\n\t\t\t<div class='gallery-icon landscape'>\n\t\t\t\t<a href='https:\/\/braun-klabes.de\/wp-content\/uploads\/2020\/01\/WelpenschuleFG9A9475.jpg'><img loading=\"lazy\" decoding=\"async\" width=\"300\" height=\"300\" src=\"https:\/\/braun-klabes.de\/wp-content\/uploads\/2020\/01\/WelpenschuleFG9A9475-300x300.jpg\" class=\"attachment-thumbnail size-thumbnail\" alt=\"\" srcset=\"https:\/\/braun-klabes.de\/wp-content\/uploads\/2020\/01\/WelpenschuleFG9A9475-300x300.jpg 300w, https:\/\/braun-klabes.de\/wp-content\/uploads\/2020\/01\/WelpenschuleFG9A9475-1024x1024.jpg 1024w, https:\/\/braun-klabes.de\/wp-content\/uploads\/2020\/01\/WelpenschuleFG9A9475-70x70.jpg 70w, https:\/\/braun-klabes.de\/wp-content\/uploads\/2020\/01\/WelpenschuleFG9A9475-600x600.jpg 600w, https:\/\/braun-klabes.de\/wp-content\/uploads\/2020\/01\/WelpenschuleFG9A9475-100x100.jpg 100w\" sizes=\"(max-width: 300px) 100vw, 300px\" \/><\/a>\n\t\t\t<\/div><\/figure><figure class='gallery-item'>\n\t\t\t<div class='gallery-icon landscape'>\n\t\t\t\t<a href='https:\/\/braun-klabes.de\/wp-content\/uploads\/2020\/01\/WelpenschuleFG9A9568.jpg'><img loading=\"lazy\" decoding=\"async\" width=\"300\" height=\"300\" src=\"https:\/\/braun-klabes.de\/wp-content\/uploads\/2020\/01\/WelpenschuleFG9A9568-300x300.jpg\" class=\"attachment-thumbnail size-thumbnail\" alt=\"\" srcset=\"https:\/\/braun-klabes.de\/wp-content\/uploads\/2020\/01\/WelpenschuleFG9A9568-300x300.jpg 300w, https:\/\/braun-klabes.de\/wp-content\/uploads\/2020\/01\/WelpenschuleFG9A9568-1024x1024.jpg 1024w, https:\/\/braun-klabes.de\/wp-content\/uploads\/2020\/01\/WelpenschuleFG9A9568-70x70.jpg 70w, https:\/\/braun-klabes.de\/wp-content\/uploads\/2020\/01\/WelpenschuleFG9A9568-600x600.jpg 600w, https:\/\/braun-klabes.de\/wp-content\/uploads\/2020\/01\/WelpenschuleFG9A9568-100x100.jpg 100w\" sizes=\"(max-width: 300px) 100vw, 300px\" \/><\/a>\n\t\t\t<\/div><\/figure><figure class='gallery-item'>\n\t\t\t<div class='gallery-icon landscape'>\n\t\t\t\t<a href='https:\/\/braun-klabes.de\/wp-content\/uploads\/2020\/01\/WelpenschuleFG9A9706.jpg'><img loading=\"lazy\" decoding=\"async\" width=\"300\" height=\"300\" src=\"https:\/\/braun-klabes.de\/wp-content\/uploads\/2020\/01\/WelpenschuleFG9A9706-300x300.jpg\" class=\"attachment-thumbnail size-thumbnail\" alt=\"\" srcset=\"https:\/\/braun-klabes.de\/wp-content\/uploads\/2020\/01\/WelpenschuleFG9A9706-300x300.jpg 300w, https:\/\/braun-klabes.de\/wp-content\/uploads\/2020\/01\/WelpenschuleFG9A9706-1024x1024.jpg 1024w, https:\/\/braun-klabes.de\/wp-content\/uploads\/2020\/01\/WelpenschuleFG9A9706-70x70.jpg 70w, https:\/\/braun-klabes.de\/wp-content\/uploads\/2020\/01\/WelpenschuleFG9A9706-600x600.jpg 600w, https:\/\/braun-klabes.de\/wp-content\/uploads\/2020\/01\/WelpenschuleFG9A9706-100x100.jpg 100w, https:\/\/braun-klabes.de\/wp-content\/uploads\/2020\/01\/WelpenschuleFG9A9706.jpg 1984w\" sizes=\"(max-width: 300px) 100vw, 300px\" \/><\/a>\n\t\t\t<\/div><\/figure><figure class='gallery-item'>\n\t\t\t<div class='gallery-icon landscape'>\n\t\t\t\t<a href='https:\/\/braun-klabes.de\/wp-content\/uploads\/2020\/01\/WelpenschuleFG9A9654.jpg'><img loading=\"lazy\" decoding=\"async\" width=\"300\" height=\"300\" src=\"https:\/\/braun-klabes.de\/wp-content\/uploads\/2020\/01\/WelpenschuleFG9A9654-300x300.jpg\" class=\"attachment-thumbnail size-thumbnail\" alt=\"\" srcset=\"https:\/\/braun-klabes.de\/wp-content\/uploads\/2020\/01\/WelpenschuleFG9A9654-300x300.jpg 300w, https:\/\/braun-klabes.de\/wp-content\/uploads\/2020\/01\/WelpenschuleFG9A9654-1024x1024.jpg 1024w, https:\/\/braun-klabes.de\/wp-content\/uploads\/2020\/01\/WelpenschuleFG9A9654-70x70.jpg 70w, https:\/\/braun-klabes.de\/wp-content\/uploads\/2020\/01\/WelpenschuleFG9A9654-600x600.jpg 600w, https:\/\/braun-klabes.de\/wp-content\/uploads\/2020\/01\/WelpenschuleFG9A9654-100x100.jpg 100w\" sizes=\"(max-width: 300px) 100vw, 300px\" \/><\/a>\n\t\t\t<\/div><\/figure><figure class='gallery-item'>\n\t\t\t<div class='gallery-icon landscape'>\n\t\t\t\t<a href='https:\/\/braun-klabes.de\/wp-content\/uploads\/2020\/01\/WelpenschuleFG9A9619-1.jpg'><img loading=\"lazy\" decoding=\"async\" width=\"300\" height=\"300\" src=\"https:\/\/braun-klabes.de\/wp-content\/uploads\/2020\/01\/WelpenschuleFG9A9619-1-300x300.jpg\" class=\"attachment-thumbnail size-thumbnail\" alt=\"\" srcset=\"https:\/\/braun-klabes.de\/wp-content\/uploads\/2020\/01\/WelpenschuleFG9A9619-1-300x300.jpg 300w, https:\/\/braun-klabes.de\/wp-content\/uploads\/2020\/01\/WelpenschuleFG9A9619-1-1024x1024.jpg 1024w, https:\/\/braun-klabes.de\/wp-content\/uploads\/2020\/01\/WelpenschuleFG9A9619-1-70x70.jpg 70w, https:\/\/braun-klabes.de\/wp-content\/uploads\/2020\/01\/WelpenschuleFG9A9619-1-600x600.jpg 600w, https:\/\/braun-klabes.de\/wp-content\/uploads\/2020\/01\/WelpenschuleFG9A9619-1-100x100.jpg 100w\" sizes=\"(max-width: 300px) 100vw, 300px\" \/><\/a>\n\t\t\t<\/div><\/figure>\n\t\t<\/div>\n\n<p>&nbsp;<\/p>\n","protected":false},"excerpt":{"rendered":"<p>Gemeinsam leben. Unsere Kinderkurse richten sich speziell an Kinder und deren Eltern, die schon Angst haben oder eine Scheu vor Hunden entwickeln. Spielen mit Hund, fremden Hunden begegnen &#8211; im<\/p>\n<p class=\"more-link\"><a href=\"https:\/\/braun-klabes.de\/?page_id=924\" class=\"readmore\">Read More<svg class=\"icon icon-angle-right\" aria-hidden=\"true\" role=\"img\"> <use href=\"#icon-angle-right\" xlink:href=\"#icon-angle-right\"><\/use> <\/svg><span class=\"screen-reader-text\">Kinderkurs<\/span><\/a><\/p>\n","protected":false},"author":1,"featured_media":927,"parent":0,"menu_order":0,"comment_status":"closed","ping_status":"closed","template":"","meta":{"footnotes":""},"_links":{"self":[{"href":"https:\/\/braun-klabes.de\/index.php?rest_route=\/wp\/v2\/pages\/924"}],"collection":[{"href":"https:\/\/braun-klabes.de\/index.php?rest_route=\/wp\/v2\/pages"}],"about":[{"href":"https:\/\/braun-klabes.de\/index.php?rest_route=\/wp\/v2\/types\/page"}],"author":[{"embeddable":true,"href":"https:\/\/braun-klabes.de\/index.php?rest_route=\/wp\/v2\/users\/1"}],"replies":[{"embeddable":true,"href":"https:\/\/braun-klabes.de\/index.php?rest_route=%2Fwp%2Fv2%2Fcomments&post=924"}],"version-history":[{"count":1,"href":"https:\/\/braun-klabes.de\/index.php?rest_route=\/wp\/v2\/pages\/924\/revisions"}],"predecessor-version":[{"id":933,"href":"https:\/\/braun-klabes.de\/index.php?rest_route=\/wp\/v2\/pages\/924\/revisions\/933"}],"wp:featuredmedia":[{"embeddable":true,"href":"https:\/\/braun-klabes.de\/index.php?rest_route=\/wp\/v2\/media\/927"}],"wp:attachment":[{"href":"https:\/\/braun-klabes.de\/index.php?rest_route=%2Fwp%2Fv2%2Fmedia&parent=924"}],"curies":[{"name":"wp","href":"https:\/\/api.w.org\/{rel}","templated":true}]}}