{"id":934,"date":"2020-01-23T10:49:31","date_gmt":"2020-01-23T10:49:31","guid":{"rendered":"https:\/\/braun-klabes.de\/?page_id=934"},"modified":"2020-01-23T10:49:31","modified_gmt":"2020-01-23T10:49:31","slug":"wesenstest","status":"publish","type":"page","link":"https:\/\/braun-klabes.de\/?page_id=934","title":{"rendered":"Wesenstest"},"content":{"rendered":"<p style=\"font-weight: 400;\">Der Wesenstest pr\u00fcft die Interaktion von Mensch und Hund in verschieden Situationen. Ziel ist es, das Verhalten des Hundes hinsichtlich Aggressivit\u00e4t und Auff\u00e4lligkeiten zu untersuchen. In Echtsituationen muss der Hund r\u00fccksichtsvoll und nicht aggressiv reagieren.<\/p>\n<h1>Wesenstest f\u00fcr Hunde bei Braun-Klabes durchf\u00fchren<\/h1>\n<p style=\"font-weight: 400;\">Je nach Anforderung finden Einzelstunden statt. Jeder Hund wird individuell beobachten und analysiert. Die Termine der Pr\u00fcfungstage werden mit den Hundebesitzern vereinbart.<\/p>\n<p style=\"font-weight: 400;\">Die Bescheinigung dient als Nachweis f\u00fcr die Ordnungsbeh\u00f6rde oder zur reinen pers\u00f6nlichen Vorsorge. Viele Hundebesitzer wissen um die Bedenken in der \u00d6ffentlichkeit gegen\u00fcber gr\u00f6\u00dferen Hunden. Ein vorsorglicher Wesenstest bringt Sicherheit und kann somit dazu beitragen, dass Sie mit dem Hund nicht als potentielle Gefahr gesehen werden.<\/p>\n<p style=\"font-weight: 400;\">Nat\u00fcrlich dient dieser Test ebenfalls f\u00fcr die Kategoriehunde gem\u00e4\u00df Landeshundegesetz NRW. Rufen Sie uns gerne an und wir vereinbaren einen Termin:<\/p>\n<p>Telefon: +49 2552 99 62 48<br \/>\nMobiltelefon: +49 172 533 72 70<\/p>\n","protected":false},"excerpt":{"rendered":"<p>Der Wesenstest pr\u00fcft die Interaktion von Mensch und Hund in verschieden Situationen. Ziel ist es, das Verhalten des Hundes hinsichtlich Aggressivit\u00e4t und Auff\u00e4lligkeiten zu untersuchen. In Echtsituationen muss der Hund<\/p>\n<p class=\"more-link\"><a href=\"https:\/\/braun-klabes.de\/?page_id=934\" class=\"readmore\">Read More<svg class=\"icon icon-angle-right\" aria-hidden=\"true\" role=\"img\"> <use href=\"#icon-angle-right\" xlink:href=\"#icon-angle-right\"><\/use> <\/svg><span class=\"screen-reader-text\">Wesenstest<\/span><\/a><\/p>\n","protected":false},"author":1,"featured_media":935,"parent":0,"menu_order":0,"comment_status":"closed","ping_status":"closed","template":"","meta":{"footnotes":""},"_links":{"self":[{"href":"https:\/\/braun-klabes.de\/index.php?rest_route=\/wp\/v2\/pages\/934"}],"collection":[{"href":"https:\/\/braun-klabes.de\/index.php?rest_route=\/wp\/v2\/pages"}],"about":[{"href":"https:\/\/braun-klabes.de\/index.php?rest_route=\/wp\/v2\/types\/page"}],"author":[{"embeddable":true,"href":"https:\/\/braun-klabes.de\/index.php?rest_route=\/wp\/v2\/users\/1"}],"replies":[{"embeddable":true,"href":"https:\/\/braun-klabes.de\/index.php?rest_route=%2Fwp%2Fv2%2Fcomments&post=934"}],"version-history":[{"count":1,"href":"https:\/\/braun-klabes.de\/index.php?rest_route=\/wp\/v2\/pages\/934\/revisions"}],"predecessor-version":[{"id":937,"href":"https:\/\/braun-klabes.de\/index.php?rest_route=\/wp\/v2\/pages\/934\/revisions\/937"}],"wp:featuredmedia":[{"embeddable":true,"href":"https:\/\/braun-klabes.de\/index.php?rest_route=\/wp\/v2\/media\/935"}],"wp:attachment":[{"href":"https:\/\/braun-klabes.de\/index.php?rest_route=%2Fwp%2Fv2%2Fmedia&parent=934"}],"curies":[{"name":"wp","href":"https:\/\/api.w.org\/{rel}","templated":true}]}}