{"id":939,"date":"2020-01-23T11:00:07","date_gmt":"2020-01-23T11:00:07","guid":{"rendered":"https:\/\/braun-klabes.de\/?page_id=939"},"modified":"2020-01-23T14:12:43","modified_gmt":"2020-01-23T14:12:43","slug":"939-2","status":"publish","type":"page","link":"https:\/\/braun-klabes.de\/?page_id=939","title":{"rendered":"Sachkundenachweis f\u00fcr Hunde"},"content":{"rendered":"<p style=\"font-weight: 400;\">Der Sachkundenachweis ist die Bescheinigung, dass eine Person f\u00fcr die Haltung eines Hundes bef\u00e4higt und geeignet ist. Die Bescheinigung ist laut Landeshundegesetz NRW Pflicht f\u00fcr Hundehalter von Hunden, die mehr als 20 kg wiegen und\/oder eine Schulterh\u00f6he von \u00fcber 40 cm haben (so genannte 20\/40-Hunde).<\/p>\n<h1>F\u00fcr die Amtswege:<br \/>\nSachkundenachweis f\u00fcr Ihren Hund<\/h1>\n<p style=\"font-weight: 400;\">Den Sachkundenachweis (Multiple-Choice-Test) k\u00f6nnen Sie bei uns im Hause durchf\u00fchren. Dazu stellen wir Ihnen Fragen zur Haltung und zum F\u00fchren Ihres Hundes. Ziel ist es, dass Sie Ihren Hund ordnungsgem\u00e4\u00df anmelden k\u00f6nnen. Wir geben Ihnen gerne einen Termin.<\/p>\n","protected":false},"excerpt":{"rendered":"<p>Der Sachkundenachweis ist die Bescheinigung, dass eine Person f\u00fcr die Haltung eines Hundes bef\u00e4higt und geeignet ist. Die Bescheinigung ist laut Landeshundegesetz NRW Pflicht f\u00fcr Hundehalter von Hunden, die mehr<\/p>\n<p class=\"more-link\"><a href=\"https:\/\/braun-klabes.de\/?page_id=939\" class=\"readmore\">Read More<svg class=\"icon icon-angle-right\" aria-hidden=\"true\" role=\"img\"> <use href=\"#icon-angle-right\" xlink:href=\"#icon-angle-right\"><\/use> <\/svg><span class=\"screen-reader-text\">Sachkundenachweis f\u00fcr Hunde<\/span><\/a><\/p>\n","protected":false},"author":1,"featured_media":940,"parent":0,"menu_order":0,"comment_status":"closed","ping_status":"closed","template":"","meta":{"footnotes":""},"_links":{"self":[{"href":"https:\/\/braun-klabes.de\/index.php?rest_route=\/wp\/v2\/pages\/939"}],"collection":[{"href":"https:\/\/braun-klabes.de\/index.php?rest_route=\/wp\/v2\/pages"}],"about":[{"href":"https:\/\/braun-klabes.de\/index.php?rest_route=\/wp\/v2\/types\/page"}],"author":[{"embeddable":true,"href":"https:\/\/braun-klabes.de\/index.php?rest_route=\/wp\/v2\/users\/1"}],"replies":[{"embeddable":true,"href":"https:\/\/braun-klabes.de\/index.php?rest_route=%2Fwp%2Fv2%2Fcomments&post=939"}],"version-history":[{"count":2,"href":"https:\/\/braun-klabes.de\/index.php?rest_route=\/wp\/v2\/pages\/939\/revisions"}],"predecessor-version":[{"id":944,"href":"https:\/\/braun-klabes.de\/index.php?rest_route=\/wp\/v2\/pages\/939\/revisions\/944"}],"wp:featuredmedia":[{"embeddable":true,"href":"https:\/\/braun-klabes.de\/index.php?rest_route=\/wp\/v2\/media\/940"}],"wp:attachment":[{"href":"https:\/\/braun-klabes.de\/index.php?rest_route=%2Fwp%2Fv2%2Fmedia&parent=939"}],"curies":[{"name":"wp","href":"https:\/\/api.w.org\/{rel}","templated":true}]}}