{"id":979,"date":"2020-07-01T09:52:50","date_gmt":"2020-07-01T09:52:50","guid":{"rendered":"https:\/\/braun-klabes.de\/?page_id=979"},"modified":"2020-07-01T10:01:45","modified_gmt":"2020-07-01T10:01:45","slug":"hundeschule-waehrend-corona","status":"publish","type":"page","link":"https:\/\/braun-klabes.de\/?page_id=979","title":{"rendered":"Hundeschule w\u00e4hrend Corona"},"content":{"rendered":"<div id=\"pgc-157-0-0\" class=\"panel-grid-cell\" data-weight=\"1\">\n<h2>Reiseplanung und Hundeleben w\u00e4hrend der Corona-Zeit: Wir sind wieder f\u00fcr Euch da!<\/h2>\n<p><em>Unsere Antworten auf die eingeschr\u00e4nkte Bewegungsfreiheit:<\/em><\/p>\n<ul>\n<li><strong>Kurse finden (fast) wie gewohnt statt, auch neue Welpenkurse\u00a0<\/strong><\/li>\n<li><strong>Gruppenunterricht mit 1,5m Abstand ist lt. \u00a77 Coronaschutzverordung gestattet<\/strong><\/li>\n<li><strong>HuTa: Sie k\u00f6nnen Ihren Hund weiter bei uns tags\u00fcber in Betreuung geben<\/strong><\/li>\n<li><strong>Hundehotel: Wir nehmen Ihre Buchungen f\u00fcr Ihren Sommerurlaub gerne entgegen<\/strong><\/li>\n<\/ul>\n<p>Liebe Hundefreunde,<br \/>\nvielen Dank f\u00fcr Ihre Geduld. Wir sind ab sofort wieder (fast) wie gewohnt f\u00fcr Sie da.<\/p>\n<p>Genau wie Sie k\u00f6nnen wir derzeit kaum mit einer Urlaubssaison 2020 rechnen. Das erschwert nicht nur das Buchen von Reisen, sondern auch die Organisation drumherum. Wohin mit Ihrem Hund? Wir rechnen damit, dass mittelfristig nur Reisen innerhalb des deutschsprachigen Raumes m\u00f6glich sein werden. Gerne nehmen wir daher Ihre Buchungen f\u00fcr die kommenden Monate entgegen.<\/p>\n<h2>Hundetrainung, Welpenkurse und Unterricht<\/h2>\n<p><img loading=\"lazy\" decoding=\"async\" class=\"aligncenter size-large wp-image-842\" src=\"https:\/\/braun-klabes.de\/wp-content\/uploads\/2019\/12\/WelpenschuleFG9A9603-1024x1024.jpg\" alt=\"\" width=\"920\" height=\"920\" srcset=\"https:\/\/braun-klabes.de\/wp-content\/uploads\/2019\/12\/WelpenschuleFG9A9603-1024x1024.jpg 1024w, https:\/\/braun-klabes.de\/wp-content\/uploads\/2019\/12\/WelpenschuleFG9A9603-300x300.jpg 300w, https:\/\/braun-klabes.de\/wp-content\/uploads\/2019\/12\/WelpenschuleFG9A9603-70x70.jpg 70w, https:\/\/braun-klabes.de\/wp-content\/uploads\/2019\/12\/WelpenschuleFG9A9603-600x600.jpg 600w, https:\/\/braun-klabes.de\/wp-content\/uploads\/2019\/12\/WelpenschuleFG9A9603-100x100.jpg 100w\" sizes=\"(max-width: 920px) 100vw, 920px\" \/><\/p>\n<p>Laut Coronaschutzverordnung \u00a77 darf ab dem 27.04.2020 wieder Gruppenunterricht auf unserem Gel\u00e4nde stattfinden. Ein Abstand von 1,5 Metern zwischen den menschlichen Teilnehmern ist dabei obligatorisch &#8211; ein Mundschutz freiwillig und anders als z.B. beim Einkaufen nicht vorgeschrieben. Weil wir in den letzten Wochen viele Anrufe f\u00fcr neue Welpenkurse bekamen, haben wir auch hier gute Neuigkeiten: Sie k\u00f6nnen Ihre Kleinen ab sofort wieder bei uns anmelden. Wir freuen uns.<\/p>\n<\/div>\n<div id=\"pgc-157-0-0\" class=\"panel-grid-cell\" data-weight=\"1\">\n<p>Sie k\u00f6nnen Ihren Hund (jeweils einzeln) zu uns in die HuTa oder ins Hundehotel bringen. Ein kleiner Exkurs: Hunde k\u00f6nnen den COVID-19-Erreger NICHT \u00fcbertragen. Insofern besteht in diesem speziellen Fall durch Ihren Hund KEINE Ansteckungsgefahr laut WHO: &#8222;<em>there is no evidence that a dog, cat or any pet can transmit COVID-19.&#8220; <\/em><a href=\"https:\/\/www.who.int\/news-room\/q-a-detail\/q-a-coronaviruses\">Hier k\u00f6nnen Sie sich dar\u00fcber informieren.<\/a><\/p>\n<p>WICHTIG: HuTa und Hundehotel-Aufenthalte unbedingt pers\u00f6nlich vorab bei uns ank\u00fcndigen. So k\u00f6nnen wir separate Bring- und Abholzeiten organisieren.<\/p>\n<h2>So l\u00e4uft der Hunde-Onlineunterricht &#8211; im Video<\/h2>\n<p>Einzel-Onlinestunden w\u00e4hrend der Coronazeit in den Bereichen Unterordnung, Apportieren, Geruchsidentifikation, Tricks und Spiele, auch f\u00fcr die sinnvolle Besch\u00e4ftigung im Haus werden auf die jeweilgen Bed\u00fcrfnisse ihres Hundes zugeschnitten. Gerne aber auch draussen, je nach Empfangsm\u00f6glichkeit und Handyvertrag. <strong>Jede Sitzung dauert 30 Minuten und kostet 35 Euro bei Einzelbuchung<\/strong>.<\/p>\n<p><strong>Unsere Dauerkunden<\/strong> mit Vertrag erhalten eine gesonderte Mitteilung und <strong>k\u00f6nnen entsprechend ihrer Mitgliedschaft dieses Angebot ebenso in Anspruch nehmen<\/strong>.<\/p>\n<h2>Kontaktloser Pr\u00e4senzunterricht weiter gestattet<\/h2>\n<p>Um dem Bewegungsdrang Ihrer Hunde weiter gerecht zu werden, bieten wir in Einzelstunden oder ab dem 27.04. auch in Gruppen (kontaktlosen) Pr\u00e4senzunterricht an. Auch mit der Verordnung des Landes NRW bleibt diese Form des Unterrichts erlaubt. Nat\u00fcrlich achten wir auf hygienische Standards und halten Abstand voneinander. Dennoch ist es uns so m\u00f6glich, Ihre Hunde gezielt zu fordern und auf einzelne Bed\u00fcrfnisse einzugehen.<\/p>\n<\/div>\n","protected":false},"excerpt":{"rendered":"<p>Reiseplanung und Hundeleben w\u00e4hrend der Corona-Zeit: Wir sind wieder f\u00fcr Euch da! Unsere Antworten auf die eingeschr\u00e4nkte Bewegungsfreiheit: Kurse finden (fast) wie gewohnt statt, auch neue Welpenkurse\u00a0 Gruppenunterricht mit 1,5m<\/p>\n<p class=\"more-link\"><a href=\"https:\/\/braun-klabes.de\/?page_id=979\" class=\"readmore\">Read More<svg class=\"icon icon-angle-right\" aria-hidden=\"true\" role=\"img\"> <use href=\"#icon-angle-right\" xlink:href=\"#icon-angle-right\"><\/use> <\/svg><span class=\"screen-reader-text\">Hundeschule w\u00e4hrend Corona<\/span><\/a><\/p>\n","protected":false},"author":2,"featured_media":738,"parent":0,"menu_order":0,"comment_status":"closed","ping_status":"closed","template":"","meta":{"footnotes":""},"_links":{"self":[{"href":"https:\/\/braun-klabes.de\/index.php?rest_route=\/wp\/v2\/pages\/979"}],"collection":[{"href":"https:\/\/braun-klabes.de\/index.php?rest_route=\/wp\/v2\/pages"}],"about":[{"href":"https:\/\/braun-klabes.de\/index.php?rest_route=\/wp\/v2\/types\/page"}],"author":[{"embeddable":true,"href":"https:\/\/braun-klabes.de\/index.php?rest_route=\/wp\/v2\/users\/2"}],"replies":[{"embeddable":true,"href":"https:\/\/braun-klabes.de\/index.php?rest_route=%2Fwp%2Fv2%2Fcomments&post=979"}],"version-history":[{"count":1,"href":"https:\/\/braun-klabes.de\/index.php?rest_route=\/wp\/v2\/pages\/979\/revisions"}],"predecessor-version":[{"id":981,"href":"https:\/\/braun-klabes.de\/index.php?rest_route=\/wp\/v2\/pages\/979\/revisions\/981"}],"wp:featuredmedia":[{"embeddable":true,"href":"https:\/\/braun-klabes.de\/index.php?rest_route=\/wp\/v2\/media\/738"}],"wp:attachment":[{"href":"https:\/\/braun-klabes.de\/index.php?rest_route=%2Fwp%2Fv2%2Fmedia&parent=979"}],"curies":[{"name":"wp","href":"https:\/\/api.w.org\/{rel}","templated":true}]}}